t m(t) = t**3 - 3*t**2 - 7*t. Let c be m(o). List the prime factors of (c/(-10))/(33/1100).
2, 5
Let n(r) = 3*r**2 + 4*r - 1. Let i = 94 - 100. List the prime factors of n(i).
83
Let o = 659 + -126. List the prime factors of o.
13, 41
Let h be (-19)/(1 - (3 + -3)). Let d = h + 24. Suppose d*s + 43 = 6*s. List the prime factors of s.
43
Let r be (2 + -30)*(-27)/12. Suppose 3*c + 70 = h - r, -2*c - 5*h = 117. What are the prime factors of -1*c/(3 + -2)?
2, 23
What are the prime factors of (0 - (9 - 0))/((-6)/360)?
2, 3, 5
Suppose s = 7 - 3. Suppose -s*n = -5*n. Suppose n = r - 13 - 10. What are the prime factors of r?
23
Suppose 2*n - 3*x + 4 = 0, -3*n - 2*n + 3 = -x. Let k be (n/2)/((-7)/(-126)). List the prime factors of -2 + k - (5 + -3).
5
Let w = -26 - -11. Let g(s) = s**3 + 16*s**2 + 11*s + 4. What are the prime factors of g(w)?
2
Suppose h = -2*l - 10, 6*l - l + 2*h + 23 = 0. Let g be 4 - 7 - l*4. Let q(v) = -v**3 + 10*v**2 - 7*v - 10. List the prime factors of q(g).
2
Suppose -5*t = 2*n + 3*n - 165, -4*t = n - 24. Let s = n + -31. Suppose -s = -2*x + 13. List the prime factors of x.
3
Let i(z) = 7*z - 14. Suppose -n = n - 10. What are the prime factors of i(n)?
3, 7
Suppose 2*r + 0*b = b - 18, 3*r = -2*b - 34. What are the prime factors of r/(-3 - 62/44*-2)?
5, 11
Let j = 979 + -572. What are the prime factors of j?
11, 37
Suppose 5*r - 5*i = 934 + 286, 0 = 2*i + 6. List the prime factors of r.
241
Suppose -4*q - 3*s - 507 = 0, -2*s - 487 = 4*q - 3*s. Let i = q - -187. List the prime factors of i.
2
Suppose 3*j - 15 = -0*j. Suppose j*q - 17 = 2*b, -3*q = b - 2 - 6. Suppose -q*y - 18 = -g - y, g = 5*y + 33. List the prime factors of g.
2
List the prime factors of (-264)/(-3)*(-5 + (-39)/(-2)).
2, 11, 29
Suppose 12*j + 7*j - 45638 = 0. What are the prime factors of j?
2, 1201
Let a = 52 - 28. Suppose -5*j - 2*u + a = 0, 3*u - 26 = -5*j - 0*j. What are the prime factors of j?
2
List the prime factors of -6 - (-1 - (5 - -303)).
3, 101
Suppose -28118 = -23*q - 3324. List the prime factors of q.
2, 7, 11
Let n(y) = 5*y - 8. Let w(i) = i**3 + i**2 - 12*i. Let l(t) = t**3 - 11*t - 1. Let s(b) = -6*l(b) + 5*w(b). Let z be s(6). List the prime factors of n(z).
2, 11
Let a = 4522 - 1345. List the prime factors of a.
3, 353
Suppose -3*t - 4*j + 47 = 0, 3*t - t - 2*j = 22. Let i = 37 - 38. Let h = t - i. What are the prime factors of h?
2, 7
Suppose u + 0*u = -5, 0 = -y - 5*u - 18. Suppose 1 - y = -a. List the prime factors of a/(-36) - (-626)/12.
2, 13
Let q = -9733 - -14138. Suppose -q + 1717 = -14*x. List the prime factors of x.
2, 3
Let l = 2754 - 1815. List the prime factors of l.
3, 313
Suppose 24*k = 8945 + 3535. What are the prime factors of k?
2, 5, 13
Let p be 1 - 3 - (2 + -8). Suppose b + p*b = 40. What are the prime factors of b?
2
Suppose 4*f - a + 47 = 5*f, a + 259 = 5*f. What are the prime factors of f?
3, 17
Suppose 0 = -18*g + 14*g + 768. List the prime factors of g.
2, 3
List the prime factors of -71*5/(35/(-98)).
2, 7, 71
Suppose u + 28640 = 17*u. List the prime factors of u.
2, 5, 179
Let z(j) = -j**2 + 21*j - 17. Let n be z(20). Suppose -5*c + 2*k + 285 = 0, -n*c + 0*c = 3*k - 150. What are the prime factors of c?
5, 11
Suppose 3*h = h + 60. Let u = 65 - h. List the prime factors of u.
5, 7
Let j be 1118 + (3 - (-10)/(-2)). Suppose 675 = 3*k + 3*n, -k = -6*k - 2*n + j. What are the prime factors of k?
2, 3, 37
Suppose -2*c + 2*y = -2532, 1723 = 5*c + 2*y - 4614. What are the prime factors of c?
7, 181
Suppose -4*k + 8*k - b = 1053, 3*b = -5*k + 1329. List the prime factors of k.
2, 3, 11
Let k be 56/(-14) + (-80)/(-2). Suppose 35*w + 14 = k*w. What are the prime factors of w?
2, 7
Let y(m) = m**2 - 1. Let p(i) = 2*i**2 + 10. Let c(s) = p(s) - y(s). List the prime factors of c(0).
11
What are the prime factors of (-4)/6 + 478446/414?
3, 5, 7, 11
Suppose -2*w - 49 - 7 = 0. What are the prime factors of (w + (2 - 2))*(-175)/28?
5, 7
Suppose 0*w = 3*w. Suppose w = -d - 3*d - 2*v, 2*d + 2*v = 0. Let t = d - -5. What are the prime factors of t?
5
Suppose -13*l + 6936 = 4*l. What are the prime factors of l?
2, 3, 17
What are the prime factors of 156 - (5 + -5 + 1)?
5, 31
Let b = -18 + 14. Let z be b/14 + 568/28. Suppose -4*q + 5*v = -52, -3*q + 3*v = -z - 16. What are the prime factors of q?
2
Let d = -463 + 1621. What are the prime factors of d?
2, 3, 193
List the prime factors of 725 - (-5 + -1 - -6).
5, 29
Let s = 41 + -37. Suppose -s*u - d + 5*d = -596, 4 = 4*d. List the prime factors of u.
2, 3, 5
Let d(o) = -6*o + 105. List the prime factors of d(-23).
3
Let j(d) = -d**3 - 8*d**2 - 8*d - 11. Let w = -48 + 40. What are the prime factors of j(w)?
53
Let m(z) = 121*z**2 + 1. Let i be m(2). Suppose -3*h = 3*r - 8*r - 291, 5*h = 2*r + i. List the prime factors of h.
97
Suppose -1 + 6 = y. Let g be (-2)/(-6) + 3/18*454. Suppose 0 = 2*f + 4*z - g, -3*f + 141 = y*z + 27. What are the prime factors of f?
2, 19
Let u = 767 - -2481. List the prime factors of u.
2, 7, 29
Suppose 2*y + 244 = -2*y. Let c = y - -89. List the prime factors of c.
2, 7
Suppose 0 = 4*h - 5*y - 2545, 17*y = 12*y + 15. List the prime factors of h.
2, 5
Let h(w) = w - 5. Let n be h(7). Let i be ((-3)/(-6))/(n/(-504)). What are the prime factors of (i/8)/((-21)/56)?
2, 3, 7
Let z = -26 + 39. Suppose -7*r + 118 = z. List the prime factors of r.
3, 5
Suppose 0 = -4*l - g + 3, 2*l + 5*g = 15. Suppose -6 = 3*m, l*v + v = -4*m - 9. List the prime factors of -2 + v/(4/(-36)).
7
Let w(p) = 10*p**3 - 2*p**2 - 47*p + 2. List the prime factors of w(7).
5, 601
Suppose -30*c = 2298 - 9888. What are the prime factors of c?
11, 23
Let l(c) be the second derivative of 0 - 9*c - 1/2*c**4 + 1/6*c**3 - 1/20*c**5 - 4*c**2. List the prime factors of l(-7).
2, 17
Let b = 6 - 3. Suppose -5*a + b*a = -3*g + 17, g - 8 = 3*a. Suppose 2*h - g*h + 69 = 0. What are the prime factors of h?
23
Suppose x + 0*k - k = -45, 0 = 3*x + 4*k + 170. Let a = 75 - x. List the prime factors of a.
5
Let u(l) = -l**3 + 6*l**2 + 3*l - 5. Let t = 12 - 6. Let f be u(t). Suppose 3*q - f = 23. List the prime factors of q.
2, 3
Suppose 2*m - 1 = 5. Suppose i - 7 + m = 0. Suppose -i*d = -5*d + 57. List the prime factors of d.
3, 19
Suppose 2*m - 3*c = 28, m - 2*m = -c - 12. What are the prime factors of 112 - ((-4)/14 - m/(-28))?
2, 7
Suppose y + 5*l = -1 + 7, 3*l = 0. Let h(d) = y + 3*d + 3 + d**2 - 1. List the prime factors of h(-6).
2, 13
Suppose -r - 5*n - 3 + 1 = 0, 3*r = -n - 20. Let f(s) = 1 + 6*s + 0 + s**2 - 5. What are the prime factors of f(r)?
3
Let o = 32 + -18. Suppose 0*u - 2*u + o = 0. Suppose 2*c - u*c + 80 = 0. List the prime factors of c.
2
Let j(x) = 3 - 2 + 10*x - x**2 + 0 + 7*x**2. List the prime factors of j(-5).
101
Let w(x) = -3*x - 7. Let f be w(-4). Let v(a) = -14 - 2*a + a + 11*a. What are the prime factors of v(f)?
2, 3
Let h(t) = -673*t - 41. What are the prime factors of h(-4)?
11, 241
Suppose -4*d = -2*i - 6, -5*i - 3*d + 18 = -2*d. List the prime factors of (-166)/(-5) + i/(-15).
3, 11
Let t be 2160/(-84) - 4/14. Let s = -19 - t. Suppose -275 = -12*x + s*x. List the prime factors of x.
5, 11
Let u(b) = b**3 - 8*b**2 + 12*b + 22. What are the prime factors of u(11)?
11, 47
Suppose 3*t + 5*s = 60, 5*t - 81 = 2*t + 2*s. Let l = -46 + t. List the prime factors of (4*l)/(6/(-4)).
2, 7
Let g(r) be the second derivative of r**3/6 + 29*r**2/2 - r. Let p = 213 + -228. What are the prime factors of g(p)?
2, 7
Suppose 2*a - 2 = -4*m, 0 = 4*a - a + 5*m - 5. Suppose a*y - 3*f = 216, 4*f - 54 = 5*y - 272. List the prime factors of y.
2, 3, 7
Let m = -20 + -126. Let a = -46 - m. List the prime factors of a.
2, 5
Suppose -5*s = -2*j + 6157, -5*j - 4*s + 15562 = 87. List the prime factors of j.
11, 281
Let d(w) be the first derivative of -w**3 - 3*w**2/2 - w - 5. Let a be d(-2). List the prime factors of ((-28)/5)/(a/35).
2, 7
Let v be (4 + -3)*(2 + 10). What are the prime factors of 64 + (-5)/(15/v)?
2, 3, 5
Let o(h) = 3*h**2 - 57*h + 231. What are the prime factors of o(39)?
3, 857
Let i(m) = m**2 - 10*m - 51. Let d be i(16). List the prime factors of (d/(-30))/((-6)/632).
2, 79
Suppose 2*f = -4*o + 19 + 7, 2 = 4*f - 2*o. Suppose -f*u = -3*i + 21, 2*i - 13 = i - u. Suppose -66 = -2*v - i. What are